39
Calculate the remainder when 781 is divided by 80.
61
What is the remainder when 100 is divided by 36?
28
What is the remainder when 2835 is divided by 17?
13
Calculate the remainder when 501 is divided by 157.
30
Calculate the remainder when 253 is divided by 38.
25
What is the remainder when 3208 is divided by 22?
18
Calculate the remainder when 443 is divided by 142.
17
Calculate the remainder when 331 is divided by 3.
1
Calculate the remainder when 34 is divided by 12.
10
Calculate the remainder when 130 is divided by 17.
11
Calculate the remainder when 1103 is divided by 12.
11
Calculate the remainder when 863 is divided by 54.
53
What is the remainder when 710 is divided by 14?
10
What is the remainder when 3438 is divided by 86?
84
What is the remainder when 651 is divided by 147?
63
What is the remainder when 683 is divided by 43?
38
What is the remainder when 385 is divided by 37?
15
Calculate the remainder when 125 is divided by 34.
23
What is the remainder when 874 is divided by 25?
24
Calculate the remainder when 13889 is divided by 151.
148
Calculate the remainder when 1761 is divided by 43.
41
What is the remainder when 92 is divided by 21?
8
What is the remainder when 151 is divided by 34?
15
Calculate the remainder when 825 is divided by 216.
177
Calculate the remainder when 15840 is divided by 7.
6
Calculate the remainder when 8973 is divided by 24.
21
What is the remainder when 916 is divided by 20?
16
Calculate the remainder when 2694 is divided by 270.
264
Calculate the remainder when 4158 is divided by 2069.
20
Calculate the remainder when 1345 is divided by 104.
97
Calculate the remainder when 615 is divided by 88.
87
What is the remainder when 136 is divided by 36?
28
What is the remainder when 265 is divided by 38?
37
Calculate the remainder when 798 is divided by 37.
21
What is the remainder when 545 is divided by 205?
135
What is the remainder when 1142 is divided by 104?
102
Calculate the remainder when 1286 is divided by 16.
6
Calculate the remainder when 1258 is divided by 63.
61
Calculate the remainder when 1423 is divided by 691.
41
What is the remainder when 905 is divided by 185?
165
What is the remainder when 668 is divided by 24?
20
What is the remainder when 318 is divided by 37?
22
Calculate the remainder when 3589 is divided by 88.
69
What is the remainder when 5040 is divided by 202?
192
What is the remainder when 5036 is divided by 140?
136
What is the remainder when 132 is divided by 113?
19
Calculate the remainder when 46 is divided by 9.
1
Calculate the remainder when 335 is divided by 321.
14
What is the remainder when 24 is divided by 14?
10
What is the remainder when 160 is divided by 33?
28
Calculate the remainder when 2883 is divided by 28.
27
What is the remainder when 1284 is divided by 23?
19
Calculate the remainder when 658 is divided by 216.
10
Calculate the remainder when 1435 is divided by 75.
10
What is the remainder when 69 is divided by 25?
19
What is the remainder when 142 is divided by 16?
14
What is the remainder when 44 is divided by 21?
2
Calculate the remainder when 407 is divided by 21.
8
Calculate the remainder when 854 is divided by 106.
6
Calculate the remainder when 2142 is divided by 13.
10
What is the remainder when 302 is divided by 19?
17
What is the remainder when 229 is divided by 46?
45
What is the remainder when 279 is divided by 47?
44
Calculate the remainder when 68 is divided by 25.
18
Calculate the remainder when 320 is divided by 54.
50
Calculate the remainder when 39 is divided by 31.
8
Calculate the remainder when 1920 is divided by 241.
233
Calculate the remainder when 427 is divided by 80.
27
What is the remainder when 1688 is divided by 18?
14
Calculate the remainder when 42343 is divided by 268.
267
Calculate the remainder when 843 is divided by 145.
118
What is the remainder when 336 is divided by 71?
52
Calculate the remainder when 303 is divided by 76.
75
Calculate the remainder when 431 is divided by 91.
67
What is the remainder when 521 is divided by 252?
17
Calculate the remainder when 748 is divided by 68.
0
What is the remainder when 323 is divided by 92?
47
What is the remainder when 940 is divided by 16?
12
Calculate the remainder when 666 is divided by 164.
10
Calculate the remainder when 38 is divided by 10.
8
Calculate the remainder when 227 is divided by 85.
57
What is the remainder when 146 is divided by 37?
35
What is the remainder when 515 is divided by 47?
45
What is the remainder when 2890 is divided by 59?
58
Calculate the remainder when 191 is divided by 65.
61
What is the remainder when 755 is divided by 54?
53
Calculate the remainder when 3588 is divided by 55.
13
What is the remainder when 724 is divided by 352?
20
What is the remainder when 348 is divided by 50?
48
What is the remainder when 309 is divided by 55?
34
Calculate the remainder when 29456 is divided by 22.
20
What is the remainder when 5255 is divided by 72?
71
Calculate the remainder when 163 is divided by 59.
45
Calculate the remainder when 1734 is divided by 193.
190
What is the remainder when 37 is divided by 25?
12
Calculate the remainder when 121 is divided by 110.
11
What is the remainder when 2470 is divided by 36?
22
Calculate the remainder when 945 is divided by 17.
10
Calculate the remainder when 708 is divided by 36.
24
What is the remainder when 303 is divided by 64?
47
What is the remainder when 76 is divided by 11?
10
What is the remainder when 5144 is divided by 117?
113
Calculate the remainder when 43 is divided by 20.
3
Calculate the remainder when 221 is divided by 13.
0
What is the remainder when 804 is divided by 153?
39
What is the remainder when 375 is divided by 103?
66
Calculate the remainder when 175 is divided by 123.
52
Calculate the remainder when 3791 is divided by 165.
161
Calculate the remainder when 4666 is divided by 29.
26
Calculate the remainder when 2733 is divided by 17.
13
What is the remainder when 299 is divided by 99?
2
What is the remainder when 1232 is divided by 19?
16
What is the remainder when 165 is divided by 22?
11
What is the remainder when 101 is divided by 84?
17
What is the remainder when 150 is divided by 53?
44
What is the remainder when 801 is divided by 365?
71
Calculate the remainder when 131 is divided by 38.
17
What is the remainder when 744 is divided by 180?
24
What is the remainder when 473 is divided by 7?
4
Calculate the remainder when 1680 is divided by 99.
96
What is the remainder when 1690 is divided by 12?
10
What is the remainder when 2104 is divided by 57?
52
Calculate the remainder when 139 is divided by 70.
69
Calculate the remainder when 213 is divided by 50.
13
What is the remainder when 2848 is divided by 108?
40
Calculate the remainder when 5086 is divided by 2533.
20
What is the remainder when 3549 is divided by 1179?
12
Calculate the remainder when 1555 is divided by 23.
14
Calculate the remainder when 34 is divided by 7.
6
What is the remainder when 416 is divided by 25?
16
Calculate the remainder when 11338 is divided by 252.
250
What is the remainder when 82 is divided by 47?
35
Calculate the remainder when 163 is divided by 11.
9
What is the remainder when 476 is divided by 96?
92
Calculate the remainder when 5558 is divided by 86.
54
Calculate the remainder when 4989 is divided by 10.
9
What is the remainder when 155 is divided by 86?
69
What is the remainder when 1341 is divided by 42?
39
What is the remainder when 66 is divided by 19?
9
Calculate the remainder when 322 is divided by 24.
10
What is the remainder when 152 is divided by 11?
9
What is the remainder when 429 is divided by 108?
105
What is the remainder when 415 is divided by 26?
25
What is the remainder when 31445 is divided by 18?
17
What is the remainder when 218 is divided by 37?
33
Calculate the remainder when 267 is divided by 127.
13
What is the remainder when 18 is divided by 10?
8
What is the remainder when 42 is divided by 11?
9
What is the remainder when 1205 is divided by 382?
59
What is the remainder when 327 is divided by 33?
30
What is the remainder when 382 is divided by 139?
104
Calculate the remainder when 346 is divided by 111.
13
Calculate the remainder when 65 is divided by 40.
25
Calculate the r